-6*f**3 - 16*f**2 - 3*f + 27. Is g(-8) a composite number?
False
Let d(c) = -260*c**3 + c**2 - 3*c - 19. Is d(-6) composite?
True
Suppose -5*k = 5, 4*k - 4 = q - 3*q. Let o(w) = w - 7 + 0*w - 4*w**2 + 5*w**3 + 10. Is o(q) prime?
True
Suppose -3*o + 7*o = -2532. Is o/2*(-2)/3 a prime number?
True
Let g(d) = d**2 - 9*d + 15. Let a be g(6). Let i = 12 - a. Is i a prime number?
False
Suppose 3*s - 10569 = -1887. Is s composite?
True
Let g = 14 - 17. Let n be (162/(-8))/(g/16). Let y = n + 13. Is y a composite number?
True
Suppose 0 = 5*s, -3*q + 3*s = 2*q - 50. Suppose q - 5 = 5*f. Let j(n) = 396*n + 1. Is j(f) composite?
False
Let j(z) = -z**2 + 6*z. Let u be j(6). Let i(c) = -103*c - 2 + 3 + u - 2. Is i(-2) composite?
True
Let h(g) = 6*g**3 + g**2 - 8*g + 8. Let f be h(6). Suppose 0 = -4*r - 5*t + 4343, 3*r - f = 4*t + 1973. Is r prime?
True
Let z = -10 - -10. Is z + (9 - 10)*(-1972 - 1) composite?
False
Let z(q) = 1396*q**3 + 2*q**2 - 4*q + 3. Is z(1) a composite number?
True
Suppose -743 + 3715 = 2*y. Let l = y + -759. Is l prime?
True
Suppose -5633 = -4*b + 3*a + 4072, a + 3 = 0. Let d be (b/(-30))/((-2)/5). Suppose -4*i - 62 + d = 0. Is i a composite number?
True
Let w(p) be the second derivative of p**4/4 + 3*p**3/2 + 3*p**2/2 + 3*p. Is w(8) a prime number?
False
Let t(f) = 725*f - 49. Let j be t(5). Suppose -3*r + 11*r = j. Is r composite?
True
Is (-7901)/(11/22*-2) a prime number?
True
Let w be (3/6*6)/1. Suppose -10 = -2*d, -2*p - w*d = 2*p - 2187. Is p a prime number?
False
Let p = 3 - 310. Is p*(3/1 - 4) a composite number?
False
Suppose 5*r - 25 = -2*s + 7*s, -3*r - 5*s + 39 = 0. Suppose -h - r = -78. Let w = 303 + h. Is w prime?
True
Let g be -5 + (-3)/(-1) - -359. Suppose -3*l + g = -2790. Is l composite?
False
Let n be 7719/62*(-172)/(-3). Let w = -3155 + n. Is w a prime number?
False
Suppose -5*g = -3*d - 72407, -d + 28954 = -0*g + 2*g. Is g a prime number?
True
Suppose 0 = -5*a - 2*j, 3*a - 5*j = a + 29. Let q be (-5 - -3 - a) + 9. Suppose 960 = -q*s + 3095. Is s a prime number?
False
Let t(m) = -m**3 - m. Let j(h) = h + 10. Let u be j(-9). Let d(c) = 4*c**3 - 4*c**2 - 2*c + 7. Let g(v) = u*d(v) + 5*t(v). Is g(-7) a composite number?
True
Let z(d) = 34*d**2 + d + 34. Is z(-7) a prime number?
True
Let o(z) = -114*z + 40. Let h(q) = 115*q - 41. Let d(n) = -5*h(n) - 6*o(n). Is d(16) a prime number?
True
Suppose -20*w - 13485 = -53225. Is w a prime number?
True
Suppose -18*n + 972 = -8658. Is n composite?
True
Is (-4)/30 - (-809742)/90 composite?
True
Is 10 - (4 - 5)*34759 a prime number?
False
Suppose -15*p - 100017 = -2*t - 10*p, -4*p + 100062 = 2*t. Is t prime?
True
Suppose -b - 3 = -2*y, 4*b + 4*y - 5*y + 5 = 0. Is (b - -4)*(-6388)/(-12) composite?
False
Suppose 3*o + 30199 = 16*o. Is o composite?
True
Suppose -2*j + 139186 = -3*d, 5*d - 315564 = -4*j - 37192. Is j composite?
False
Let l(g) = -5015*g - 28. Is l(-1) a composite number?
False
Suppose -3*z - 10 = -5*z, 0 = 2*q + 3*z - 1139. Suppose m - 3*r - q = -0*m, 1119 = 2*m - r. Is m prime?
False
Let o be (-12)/(-4) - 4/1. Let b = o + 3. Suppose 6*g - b*g = 196. Is g composite?
True
Let s(a) = 22*a**2 + 8*a + 133. Is s(-15) prime?
False
Suppose 0 = -4*b - 3*x + 1, -4*x - 8 = 12. Is 188/b*(-3)/(-3) a prime number?
True
Let y(d) = 4*d - 1. Let q(g) = g. Let k(u) = -u**2 - 2*u - 1. Let b(s) = -k(s) - 2*q(s). Let r be b(-2). Is y(r) a composite number?
False
Suppose 14*j - 18*j + 4*s + 19012 = 0, 3*s = 12. Is j composite?
True
Let i(s) = -817*s**2 + 2*s + 1. Let h(l) = 2452*l**2 - 7*l - 4. Let m(p) = -2*h(p) - 7*i(p). Let a be m(-1). Is a/5 + 2/(-10) a composite number?
False
Let u(z) = z**2 - 7*z - 6. Let t be u(7). Let p = t - -12. Suppose 220 = p*v - 2*v. Is v composite?
True
Suppose -m = -3*n + 28471, 502 = -n + 3*m + 9987. Is n a prime number?
True
Let a be (3/6)/(1/10). Suppose t - j + 341 = 0, a*j - 345 = t - 0*j. Is 1 + -4 - t/5 a composite number?
True
Suppose z = -3*t + 27937, -858 = 5*t - 5*z - 47393. Is t a composite number?
False
Let d be 2/(-9) + 590/(-18). Let x(z) = -z**2 + 11*z - 16. Let s be x(9). Let t = s - d. Is t prime?
False
Let x be 897/(-3)*(-33 - -4). Suppose 0 = -2*j - 11*j + x. Is j a prime number?
False
Let z = 1189 + -2045. Let i be z/10 + (-6)/15. Let b = i - -349. Is b a prime number?
True
Suppose 1710 = -31*g + 26*g. Let x = g - -883. Is x a composite number?
False
Let c(z) = -z**3 + 12*z**2 + 29*z + 13. Suppose 3*o = 5*o - 26. Is c(o) a prime number?
False
Let u = 55 - 58. Is ((-807)/(-9))/(u*(-2)/18) prime?
True
Let m(h) = -4*h**3 + 2*h**2 - 4*h - 6. Let f(r) = 9*r**3 - 3*r**2 + 9*r + 13. Let q(a) = -3*f(a) - 7*m(a). Let g be q(3). Is g/30 - (-1947)/5 composite?
False
Let u be -4504*((-2)/4)/1. Let h = u + -907. Is h a prime number?
False
Let y(a) = -a**3 + 5*a**2 + 6*a + 6. Let w be y(6). Let q = 12 - w. Is (-8)/q - 1430/(-15) a prime number?
False
Let g = -11 - -10. Is g/(-2 - 1266/(-634)) prime?
True
Let n be (5 + (-81)/15)*-5. Suppose 5291 = n*p - z, -3*p + 4*z = 2*z - 7935. Is p composite?
False
Let k(o) = 4730*o + 5. Suppose -2*z + 5*h = -z - 11, 3*h = -6. Is k(z) composite?
True
Let o = 1641 + -734. Is o a prime number?
True
Let k be 58461/6 - 2/4. Let q = -3366 + k. Is q a composite number?
True
Let r(m) = -249*m**2 + 7*m - 5. Let o be r(2). Let x = -146 - o. Is x a prime number?
False
Suppose 0 = 7*m + 7009 - 1451. Let y = m + 1225. Is y a prime number?
True
Suppose 8*j - 3*j - 5*a = 73440, j + 5*a - 14718 = 0. Is j a prime number?
False
Let f be 16/(-72) - 12262/(-18). Suppose -6*y + f = -213. Is y a prime number?
True
Suppose -8 = -0*t - 2*t. Suppose 0 = -2*p - 3*x + 10, -t*p + 2*x = 3*x. Is (132/18)/(p/(-3)) prime?
False
Is 1006209/207 - (-6)/69 a prime number?
True
Let v(s) = 5*s + 19. Let z be 12/(-3) - 3/3. Let g = z - -13. Is v(g) composite?
False
Suppose -552 = 3*u - 6*u. Suppose -b - 2*a - u = 60, -4*a = -8. Let v = 351 + b. Is v composite?
False
Let m be (-4 - -5)*(2 + -2). Suppose m = 3*a - 8 - 4. Is ((-578)/4)/((-2)/a) a composite number?
True
Let a be 2/(-5) - (-170)/50. Suppose 0*c + y - 23 = a*c, 2*c + y = -7. Is 9/(-6)*2524/c a composite number?
False
Let h be (-3)/9*12*-1. Let m(f) = f**2 - 14*f - 21. Let x(v) = v**2 - 14*v - 20. Let b(g) = h*m(g) - 5*x(g). Is b(11) composite?
True
Let s(w) = w**2 - 7*w + 8. Let z be s(8). Suppose 5*k = k - z. Let c = 23 + k. Is c composite?
False
Suppose 0 = 46*o - 903554 - 2248412. Is o composite?
False
Let o = -16 - -19. Suppose -o - 3 = -3*x. Suppose x*m - 118 + 44 = 0. Is m a prime number?
True
Let k = 2719 + -1202. Is k a composite number?
True
Let q(t) = -t**3 + 9*t**2 - 7*t - 6. Let a be q(8). Let b be 7/2*(-32)/(-28). Suppose 5*i - 5*c = 260, -a*c = -7*i + b*i + 151. Is i composite?
False
Suppose 0 = -4*v + 12, 4*y + 4*v + v = 4331. Let d = y + -628. Is d prime?
False
Let f(w) = -w**2 - 12*w - 3. Let p be f(-11). Let i be p/(-6)*(-315)/6. Suppose 4*j = 2*o - 82, 0 = -o - o + j + i. Is o a prime number?
False
Suppose 0 = 3*l - 7*l - 196. Let n = 286 - l. Is n a composite number?
True
Let i(v) = -4*v - 8. Let j be i(-5). Is 24960/j + 0 + -1 + 2 a prime number?
True
Suppose 0 = 2*g - 18. Suppose x - 9 - g = 0. Suppose 283 - x = 5*t. Is t a prime number?
True
Let k be ((-1)/(-2))/(2/556). Suppose 2*m - 13 = 23. Let u = k - m. Is u prime?
False
Let f(v) = 14*v**2 + 6*v - 9. Suppose -5 = 4*l - 25. Is f(l) a composite number?
True
Suppose 0 = -12*p + 19*p - 21. Suppose 1235 = 5*k + b + 3*b, 0 = -2*k - 4*b + 482. Suppose 2*s + p*s + r - 634 = 0, 0 = -2*s - 3*r + k. Is s prime?
True
Let q(t) = -269*t + 25. Let z(o) = -270*o + 25. Let v(i) = 4*q(i) - 5*z(i). Is v(3) prime?
True
Let q = -123 - -121. Is (-16 - -35)/(q/(-118)) a composite number?
True
Is 4404 + 0 - (-1781)/(-137) a prime number?
True
Let y = -146 + 441. Is y a prime number?
False
Suppose 9*z = 21 - 3. Suppose -541 = -v - z*b, 5*b = -3*v - v + 2179. Is v composite?
True
Is 8/1 + 17474 + -15 a composite number?
False
Let i = -106 + 121. Is (-4)/(-12) - (-14290)/i prime?
True
Suppose -3*v = -2*j + 2667, 4*v - 3*j - 2*j = -3563. Is (-4)/(1 - -3)*v*1 composite?
False
Let r(t) = 40*t**3 + 6*t**2 - 7*t + 5. Let o be r(4). Suppose -3*w - 6*f = -11*f + o, 4*f = 4*w + 3524. Is -2*(w/4 + 0) prime?
True
Let s(k) = -3*k + 9. Let t be